14)/(-35).
0
Suppose -35*d + 40*d + 710 = 5*a, -d = 3*a - 434. What is the remainder when 121 is divided by (-448)/a*(-18)/4?
9
Let a = -4642 + 4675. What is the remainder when 202 is divided by a?
4
Let c(t) be the first derivative of -t**3/3 + 15*t**2/2 + 2*t + 94. Calculate the remainder when c(10) is divided by 19.
14
Let s be 8 + (0 + 3)*-1. Suppose 0 = -0*m + s*m - 165. Let w(n) = -3*n**3 + n**2 - 3*n - 2. What is the remainder when w(-3) is divided by m?
31
Suppose -3*w - 3 = 5*y - 4*w, -3*y + 6 = 2*w. Suppose y = -2*i - 3*i + 5. Calculate the remainder when (-6293)/(-2077) + 16/(-536) is divided by i.
0
Suppose -46*a + 594 = -40*a. What is the remainder when a*1 - (-10 - -10) is divided by 27?
18
Let o = 29 - 17. Let m = 2045 + -1252. Suppose -m = -13*k - 195. What is the remainder when k is divided by o?
10
Let g = 3 - -87. Let d = 245 - 226. Calculate the remainder when g is divided by d.
14
Suppose -428*t + 8622 = 24*t - 8102. What is the remainder when 646 is divided by t?
17
What is the remainder when 61 is divided by (((-315)/(-27))/35)/((-1)/(-72))?
13
Suppose 13*u - 18*u = -1860. Let r = u - 335. Calculate the remainder when r is divided by 5.
2
Let s(f) = 2*f**2 + 24*f + 27. Let c be s(-11). Suppose -c*d = -5*p - 55, 2*p - 5 = 5. Calculate the remainder when 0 - 66/(4 + (-76)/d) is divided by 10.
8
Let m be -6*5/(-30)*(-116)/(-2). Let k = -35 + m. Calculate the remainder when 62 is divided by k.
16
Let u = 10402 - 10282. Calculate the remainder when u is divided by (-24)/(-1) + 1/(-1).
5
Suppose 47*q - 8203 = 351. Suppose -8*w - q = -366. Calculate the remainder when 41 is divided by w.
18
Suppose 3*t - q - 3 - 70 = 0, 41 = t + 3*q. Calculate the remainder when 10/(-20)*(2 - (623 + 1)) is divided by t.
25
Let s(j) = -2*j**2 + j - 1. Let d(b) = -7*b**2 + 20*b - 35. Let p(u) = d(u) - 4*s(u). What is the remainder when (3/(-6) - 0)*-32 is divided by p(-18)?
1
Let m(k) = -2*k**3 - 3*k**2 - 5*k + 1. Let s be m(-4). Let r = 151 - s. What is the remainder when 247 is divided by r?
47
Let f(l) = -l**2 - 93*l - 271. Calculate the remainder when f(-68) is divided by 130.
129
Let p = 9687 - 9089. Calculate the remainder when p is divided by 25.
23
Let y(c) = c**3 + 26*c**2 + 170*c + 70. What is the remainder when 3861 is divided by y(-12)?
43
Let v = -4256 + 4465. What is the remainder when v is divided by 76?
57
Suppose 9*l + 213 = 987. What is the remainder when 3094 is divided by l?
84
Let o(y) = 2*y - 34. Let n = -68 - -137. Suppose -26*i + 29*i = n. Calculate the remainder when o(i) is divided by 3.
0
Suppose 0 = 25*x - 26*x + 4. Suppose 4*p - 7*p - 3*y = -285, 0 = -p - x*y + 86. What is the remainder when p is divided by 34?
30
Suppose 916 = 2*n - 7*p + 2*p, -460 = -n + 3*p. Calculate the remainder when n is divided by 136.
40
Suppose -158*v - 143*v - 410*v + 135090 = 0. Let w = -13 + 28. What is the remainder when v is divided by w?
10
Let i(f) = 2*f**3 - 21*f**2 + 11*f - 12. Let z be i(10). Let n(y) = -35*y - 11. Calculate the remainder when n(z) is divided by 32.
27
Calculate the remainder when 1017 is divided by 272/6*(3 - (-81)/(-36)).
31
Let s(r) = -38*r + 4371. Calculate the remainder when 17 is divided by s(115).
0
Let y(c) = -4*c + 21. Let j be y(6). Let s be (-12)/8*4/j. Suppose -3*l - 97 = -5*f + l, 0 = 5*f - s*l - 101. What is the remainder when 38 is divided by f?
17
Suppose -4*a - 146 = 2*n - 864, -911 = -5*a + 2*n. What is the remainder when 1981 is divided by a?
171
Let w(z) = 2*z**2 - 8*z + 2. Let i be 0/10 - (-68)/2. Suppose -o = 3*l - 31, -2*o = 2*l + 2*o - i. What is the remainder when w(l) is divided by 24?
20
Let x be 3/(21/(-30) - -1). Let z = x + -2. Suppose 13*u - 55 = z*u. What is the remainder when 19 is divided by u?
8
Suppose 5*m = -161 + 736. Suppose -3*a + m = -26. Suppose -52 = -4*g - 58*p + 63*p, 52 = 4*g + p. What is the remainder when a is divided by g?
8
Suppose 4*h - 5*h - 2*i = 22, -97 = 4*h + 5*i. Let a = 67 + h. Let o = 30 + -20. Calculate the remainder when a is divided by o.
9
Suppose -272 - 79 = -156*t + 585. What is the remainder when 484 is divided by t?
4
Suppose 2905 = q + 230*r - 227*r, 0 = q + 5*r - 2915. What is the remainder when q is divided by 49?
48
Suppose -16*p + 1538 - 836 + 1426 = 0. Calculate the remainder when 177 is divided by p.
44
Suppose -q - 7*q + 611 = 5*q. What is the remainder when 1375 is divided by q?
12
Let i = 2594 + -453. Calculate the remainder when i is divided by 34.
33
Suppose -46*p - 2 = -47*p. Let b be (-10 - 30) + (-1)/p*0. Let x = b - -81. What is the remainder when 80 is divided by x?
39
Suppose 540*q = 508*q + 544. What is the remainder when 55/(0 - (-2)/16) is divided by q?
15
Let o(w) = -w**3 - 14*w**2 + 16*w + 17. Let r be o(-15). Suppose r*t = 10*t - 24. What is the remainder when 31 is divided by t?
1
Suppose -3*c + 0*c + 108 = 0. Let u = -36 - -188. Suppose -8*y = -u - 680. Calculate the remainder when y is divided by c.
32
Let y = 4194 - 2450. What is the remainder when y is divided by 97?
95
Suppose 0*f = -3*p - 2*f - 126, -28 = p - 4*f. Let n = -40 - p. Suppose 0 = 4*l + 4*j - 292, n*j = 4*j. Calculate the remainder when l is divided by 21.
10
Suppose -2*w = 3*n - 1898, -3778 = -4*w + 2587*n - 2590*n. Calculate the remainder when 2831 is divided by w.
11
Suppose 467*h - 1885104 = 315*h. What is the remainder when h is divided by 157?
156
Let h be (11/((-33)/(-16)))/(2/3). Suppose 15*a = 13*a - h. Calculate the remainder when 60 is divided by 21*(-8 + 4)/a.
18
Let k = -132 - -704. What is the remainder when k is divided by 48?
44
Let v(j) = 5*j - 54. Let m = 149 - 132. What is the remainder when 210 is divided by v(m)?
24
Suppose -5*s + l + 22583 = 0, 4*s - 12751 = -l + 5319. What is the remainder when s is divided by 34?
29
Let d be 30*1 - (21/3 + -8). Suppose 37*s - 162 = d*s. What is the remainder when 96 is divided by s?
15
Let k = -137 - -127. Let p(y) = -2*y**2 - 27*y - 62. Calculate the remainder when 18 is divided by p(k).
2
Let v = -2563 - -2614. What is the remainder when 718 is divided by v?
4
Let j(g) = -55*g**3 + 5*g**2 + 4*g - 12. Calculate the remainder when j(-2) is divided by 1/(-6) - (-157)/6.
24
What is the remainder when 17 is divided by -1 - -10*(84/(-20) - -5)?
3
Let u be (-5)/4 + (-52)/(-16). Calculate the remainder when 30 is divided by ((-44)/22)/(u/(-14)).
2
Suppose -12*q - 14487 = -60819. Suppose -216 = -j - 3*j. Calculate the remainder when (-15)/(-120) + (-7)/((-168)/q) is divided by j.
53
Let z(l) = -l**2 - 35*l + 1274. Suppose 2*p = 193 - 37. Calculate the remainder when p is divided by z(22).
18
Let g be 0 + -2 + 1 + 9 + -6. Let f be (-3 + (-1)/(-1))*g/(-4). Let a(i) = 68*i**2 + i - 2. Calculate the remainder when a(f) is divided by 34.
33
Let a(r) = -r**3 + 20*r**2 - 36*r. Let k be a(18). Let v = 0 - 0. Calculate the remainder when 16 is divided by ((k - v) + -3)*(-104)/78.
0
What is the remainder when (-2775 + 46 - (-9 + 0))/(-2) is divided by 44?
40
Suppose -90*m - 50*m + 27126 = -41*m. Calculate the remainder when m is divided by 35.
29
Let j(u) = -u**3 - 21*u**2 - 2*u - 11. Let t(s) = -5*s - 31. Let i be t(-9). Let a be (-4)/i - (2 + 131/7). What is the remainder when 123 is divided by j(a)?
30
Let c(l) be the third derivative of l**5/60 + 13*l**4/24 - 6*l**3 - 21*l**2. Let k be c(-16). Calculate the remainder when (k + -1)*5 + 1*2 is divided by 20.
17
Suppose 56*n = 233 + 271. Calculate the remainder when 30968 is divided by n.
8
Let y = 1807 - 1582. Calculate the remainder when 17547 is divided by y.
222
Suppose 3*n = 2*x - 2694, 1091 = 4*x + 2*n - 4329. Calculate the remainder when x is divided by 79.
10
Suppose -4*v - 4*m = -15596, 0 = 4*v - 68*m + 65*m - 15624. Calculate the remainder when v is divided by 122.
121
Suppose -178 = 6*i - 1525 + 135. Calculate the remainder when 818 is divided by i.
10
Let x(t) be the first derivative of -9*t**2 - 561*t - 256. Let r = 80 - 53. Calculate the remainder when x(-34) is divided by r.
24
Let l be 202 - 1 - -6*1. Let y = -202 + l. What is the remainder when 39 is divided by y?
4
Let y = 25 - 22. Suppose 0*n = 4*n + w - 57, -4*w - 38 = -y*n. Let s(i) = -i**3 + 23*i**2 - 58*i + 7. What is the remainder when s(20) is divided by n?
5
Suppose -6*l - 1030 = -16*l